.
2
What is the remainder when 1753 is divided by 15?
13
What is the remainder when 125 is divided by 15?
5
What is the remainder when 104 is divided by 16?
8
Calculate the remainder when 92 is divided by 87.
5
What is the remainder when 698 is divided by 102?
86
Calculate the remainder when 6568 is divided by 6.
4
What is the remainder when 154 is divided by 56?
42
What is the remainder when 297 is divided by 82?
51
Calculate the remainder when 61 is divided by 25.
11
What is the remainder when 2677 is divided by 20?
17
Calculate the remainder when 485 is divided by 166.
153
Calculate the remainder when 305 is divided by 74.
9
What is the remainder when 165 is divided by 47?
24
Calculate the remainder when 194 is divided by 62.
8
What is the remainder when 3182 is divided by 91?
88
Calculate the remainder when 396 is divided by 40.
36
Calculate the remainder when 294 is divided by 8.
6
Calculate the remainder when 1593 is divided by 19.
16
Calculate the remainder when 113 is divided by 20.
13
What is the remainder when 122 is divided by 50?
22
Calculate the remainder when 1168 is divided by 73.
0
What is the remainder when 343 is divided by 115?
113
What is the remainder when 12 is divided by 2?
0
Calculate the remainder when 263 is divided by 12.
11
Calculate the remainder when 893 is divided by 95.
38
What is the remainder when 37 is divided by 17?
3
Calculate the remainder when 676 is divided by 31.
25
What is the remainder when 101 is divided by 37?
27
Calculate the remainder when 496 is divided by 465.
31
What is the remainder when 495 is divided by 243?
9
What is the remainder when 558 is divided by 21?
12
What is the remainder when 215 is divided by 62?
29
Calculate the remainder when 3265 is divided by 45.
25
What is the remainder when 1282 is divided by 48?
34
What is the remainder when 127 is divided by 8?
7
What is the remainder when 14599 is divided by 93?
91
What is the remainder when 191 is divided by 8?
7
Calculate the remainder when 339 is divided by 80.
19
Calculate the remainder when 43 is divided by 23.
20
Calculate the remainder when 1030 is divided by 17.
10
What is the remainder when 5937 is divided by 54?
51
Calculate the remainder when 106 is divided by 24.
10
What is the remainder when 765 is divided by 188?
13
Calculate the remainder when 119 is divided by 32.
23
What is the remainder when 382 is divided by 48?
46
What is the remainder when 203 is divided by 12?
11
Calculate the remainder when 236 is divided by 68.
32
Calculate the remainder when 371 is divided by 34.
31
Calculate the remainder when 2223 is divided by 25.
23
What is the remainder when 54 is divided by 7?
5
What is the remainder when 101807 is divided by 404?
403
Calculate the remainder when 184 is divided by 10.
4
Calculate the remainder when 1063 is divided by 7.
6
What is the remainder when 512 is divided by 43?
39
What is the remainder when 167 is divided by 60?
47
Calculate the remainder when 438 is divided by 21.
18
Calculate the remainder when 145 is divided by 85.
60
What is the remainder when 560 is divided by 20?
0
Calculate the remainder when 66 is divided by 22.
0
Calculate the remainder when 330 is divided by 16.
10
What is the remainder when 2488 is divided by 166?
164
Calculate the remainder when 295 is divided by 163.
132
What is the remainder when 71 is divided by 57?
14
Calculate the remainder when 3782 is divided by 84.
2
Calculate the remainder when 86 is divided by 62.
24
Calculate the remainder when 356 is divided by 74.
60
Calculate the remainder when 1728 is divided by 554.
66
Calculate the remainder when 6941 is divided by 44.
33
What is the remainder when 3507 is divided by 117?
114
What is the remainder when 501 is divided by 103?
89
What is the remainder when 1453 is divided by 46?
27
Calculate the remainder when 18028 is divided by 161.
157
Calculate the remainder when 843 is divided by 16.
11
What is the remainder when 2246 is divided by 15?
11
Calculate the remainder when 13114 is divided by 624.
10
What is the remainder when 2511 is divided by 31?
0
What is the remainder when 3440 is divided by 37?
36
What is the remainder when 36 is divided by 5?
1
Calculate the remainder when 1118 is divided by 120.
38
What is the remainder when 433 is divided by 132?
37
Calculate the remainder when 78 is divided by 28.
22
Calculate the remainder when 1004 is divided by 167.
2
Calculate the remainder when 1454 is divided by 13.
11
What is the remainder when 461 is divided by 11?
10
Calculate the remainder when 59 is divided by 15.
14
What is the remainder when 291 is divided by 43?
33
What is the remainder when 4222 is divided by 66?
64
What is the remainder when 406 is divided by 24?
22
What is the remainder when 47 is divided by 16?
15
What is the remainder when 41 is divided by 9?
5
What is the remainder when 295 is divided by 101?
93
Calculate the remainder when 1037 is divided by 32.
13
What is the remainder when 97 is divided by 59?
38
What is the remainder when 119 is divided by 12?
11
What is the remainder when 208 is divided by 19?
18
Calculate the remainder when 20612 is divided by 31.
28
Calculate the remainder when 704 is divided by 52.
28
What is the remainder when 8739 is divided by 76?
75
What is the remainder when 2006 is divided by 70?
46
What is the remainder when 516 is divided by 291?
225
Calculate the remainder when 439 is divided by 92.
71
What is the remainder when 1221 is divided by 24?
21
Calculate the remainder when 207 is divided by 52.
51
What is the remainder when 3608 is divided by 181?
169
Calculate the remainder when 144 is divided by 71.
2
Calculate the remainder when 1334 is divided by 8.
6
What is the remainder when 37 is divided by 22?
15
What is the remainder when 221 is divided by 37?
36
Calculate the remainder when 22461 is divided by 104.
101
Calculate the remainder when 392 is divided by 33.
29
What is the remainder when 361 is divided by 181?
180
Calculate the remainder when 132 is divided by 37.
21
Calculate the remainder when 330 is divided by 68.
58
What is the remainder when 899 is divided by 280?
59
Calculate the remainder when 20976 is divided by 3.
0
What is the remainder when 453 is divided by 35?
33
Calculate the remainder when 1331 is divided by 43.
41
Calculate the remainder when 717 is divided by 236.
9
What is the remainder when 426 is divided by 33?
30
Calculate the remainder when 395 is divided by 54.
17
What is the remainder when 883 is divided by 437?
9
Calculate the remainder when 1713 is divided by 68.
13
Calculate the remainder when 329 is divided by 111.
107
Calculate the remainder when 2645 is divided by 869.
38
Calculate the remainder when 382 is divided by 24.
22
Calculate the remainder when 105 is divided by 28.
21
Calculate the remainder when 657 is divided by 17.
11
What is the remainder when 137 is divided by 32?
9
What is the remainder when 18688 is divided by 89?
87
What is the remainder when 1214 is divided by 21?
17
Calculate the remainder when 543 is divided by 41.
10
What is the remainder when 376 is divided by 175?
26
Calculate the remainder when 2642 is divided by 5.
2
Calculate the remainder when 100 is divided by 88.
12
Calculate the remainder when 172 is divided by 57.
1
Calculate the remainder when 1069 is divided by 9.
7
What is the remainder when 4288 is divided by 5?
3
What is the remainder when 375 is divided by 29?
27
What is the remainder when 2131 is divided by 52?
51
Calculate the remainder when 332 is divided by 66.
2
What is the remainder when 140 is divided by 24?
20
Calculate the remainder when 741 is divided by 16.
5
Calculate the remainder when 50 is divided by 40.
10
Calculate the remainder when 304 is divided by 18.
16
Calculate the remainder when 785 is divided by 27.
2
What is the remainder when 616 is divided by 33?
22
What is the remainder when 5059 is divided by 78?
67
What is the remainder when 2185 is divided by 360?
25
Calculate the remainder when 4759 is divided by 64.
23
Calculate the remainder when 11217 is divided by 17.
14
What is the remainder when 1687 is divided by 26?
23
What is the remainder when 364 is divided by 46?
42
What is the remainder when 3461 is divided by 11?
7
What is the remainder when 474 is divided by